{"id":375,"date":"2021-06-20T12:06:57","date_gmt":"2021-06-20T10:06:57","guid":{"rendered":"https:\/\/design.111v1ab.xyz\/?page_id=375"},"modified":"2021-06-20T12:18:24","modified_gmt":"2021-06-20T10:18:24","slug":"about-2","status":"publish","type":"page","link":"https:\/\/design.111v1ab.xyz\/index.php\/about-2\/","title":{"rendered":"about"},"content":{"rendered":"\n<figure class=\"is-layout-flex wp-block-gallery-1 wp-block-gallery alignwide columns-1 is-cropped\"><ul class=\"blocks-gallery-grid\"><li class=\"blocks-gallery-item\"><figure><img decoding=\"async\" loading=\"lazy\" width=\"529\" height=\"424\" src=\"https:\/\/design.111v1ab.xyz\/wp-content\/uploads\/2021\/05\/io2_01.jpg\" alt=\"Marco Trevisani\" data-id=\"163\" data-full-url=\"https:\/\/design.111v1ab.xyz\/wp-content\/uploads\/2021\/05\/io2_01.jpg\" data-link=\"https:\/\/design.111v1ab.xyz\/io2_01\/\" class=\"wp-image-163\" srcset=\"https:\/\/design.111v1ab.xyz\/wp-content\/uploads\/2021\/05\/io2_01.jpg 529w, https:\/\/design.111v1ab.xyz\/wp-content\/uploads\/2021\/05\/io2_01-300x240.jpg 300w\" sizes=\"(max-width: 529px) 100vw, 529px\" \/><\/figure><\/li><\/ul><figcaption class=\"blocks-gallery-caption\">|||V|ab \\n Marco Trevisani (photo by Alessandro Vecchi)<br><strong>Marco Trevisani ,<\/strong> architect, a composer, and digital artist born in Verona graduated in architecture from the Polytechnic of Milan, studied electronic music composition at the Academy of Music in Vienna. He has been visiting scholar for five years at Stanford University (California), a professor at New York University, and professor in the Faculty of Architecture at the University of Puerto Rico in San Juan, as well as founder and director of the Multimedia lab at the Polytechnic University of San Juan. Parallel to his work as a professor, he has worked as a digital artist and designer with his workshop SVDSG later renamed<strong> |||V|ab \\n DSGN<\/strong>. Since 2017 he has settled back in Italy and decided to focus exclusively on designing objects and furniture accessories, kitchens, and artistic production. In particular, in recent years, his work has focused on using different metals in design both structurally and aesthetically. For this reason, he has established, among others, a collaboration with the company WEKOS, in the province of Verona, specialized for over 30 years in the design and manufacture of metal kitchens and combined kitchens with wood, gas, and induction.<br><br><strong>Marco Trevisani ,<\/strong>architetto, compositore e artista digitale. Nato a Verona, laureato in architettura al Politecnico di Milano, ha studiato composizione musicale elettronica all&#8217;Accademia di Musica di Vienna. \u00c8 stato visiting scholar per cinque anni presso l&#8217; universit\u00e0 di Stanford (California), professore presso la New York Univeristy e professore nella Facolt\u00e0 di architettura all&#8217;universit\u00e0 di Portorico a San Juan nonch\u00e9 fondatore e direttore del Multimedia lab presso l&#8217;Universit\u00e0 Politecnica di San Juan. Parallelamente all&#8217;attivit\u00e0 di professore ha svolto quella di artista digitale e designer con il suo workshop SVDSG successivamente ribattezzato<strong> |||V|ab \\n DSGN<\/strong>. Dal 2017 si \u00e8 stabilito nuovamente in Italia e ha deciso di concentrare il suo interesse esclusivamente nella progettazione di oggetti e complementi di arredamento, cucine e nella produzione artistica. Campi che spesso sono divisi da una sottile linea virtuale. In particolare, negli ultimi anni, il suo lavoro si \u00e8 concentrato sull&#8217;uso di diversi metalli nel design sia strutturalmente che esteticamente. Per questa ragione ha stretto, tra gli altri, una collaborazione con la ditta WEKOS, in provincia di Verona, specializzata, da pi\u00f9 di 30 anni nella progettazione e produzione di cucine in metallo, e cucine combinate a legna,gas e\/o induzione.<\/figcaption><\/figure>\n\n\n\n<p><\/p>\n","protected":false},"excerpt":{"rendered":"","protected":false},"author":1,"featured_media":0,"parent":0,"menu_order":0,"comment_status":"closed","ping_status":"closed","template":"","meta":[],"_links":{"self":[{"href":"https:\/\/design.111v1ab.xyz\/index.php\/wp-json\/wp\/v2\/pages\/375"}],"collection":[{"href":"https:\/\/design.111v1ab.xyz\/index.php\/wp-json\/wp\/v2\/pages"}],"about":[{"href":"https:\/\/design.111v1ab.xyz\/index.php\/wp-json\/wp\/v2\/types\/page"}],"author":[{"embeddable":true,"href":"https:\/\/design.111v1ab.xyz\/index.php\/wp-json\/wp\/v2\/users\/1"}],"replies":[{"embeddable":true,"href":"https:\/\/design.111v1ab.xyz\/index.php\/wp-json\/wp\/v2\/comments?post=375"}],"version-history":[{"count":10,"href":"https:\/\/design.111v1ab.xyz\/index.php\/wp-json\/wp\/v2\/pages\/375\/revisions"}],"predecessor-version":[{"id":388,"href":"https:\/\/design.111v1ab.xyz\/index.php\/wp-json\/wp\/v2\/pages\/375\/revisions\/388"}],"wp:attachment":[{"href":"https:\/\/design.111v1ab.xyz\/index.php\/wp-json\/wp\/v2\/media?parent=375"}],"curies":[{"name":"wp","href":"https:\/\/api.w.org\/{rel}","templated":true}]}}